n divisor of 602 and 98?
14
What is the greatest common factor of 3368 and 32?
8
What is the highest common factor of 4 and 52?
4
Calculate the greatest common divisor of 1121 and 171.
19
Calculate the highest common factor of 10 and 55.
5
What is the highest common factor of 1177 and 11?
11
What is the greatest common factor of 124 and 403?
31
What is the highest common divisor of 16 and 196?
4
What is the highest common factor of 192 and 1488?
48
Calculate the highest common divisor of 175 and 8225.
175
Calculate the greatest common factor of 249 and 27141.
249
Calculate the highest common factor of 1255 and 10.
5
Calculate the greatest common divisor of 2 and 266.
2
What is the highest common factor of 14063 and 861?
287
Calculate the highest common factor of 46 and 621.
23
What is the highest common divisor of 438 and 17812?
146
What is the greatest common factor of 658 and 70?
14
Calculate the highest common divisor of 528 and 60.
12
What is the greatest common factor of 10 and 215?
5
Calculate the greatest common factor of 12 and 39.
3
What is the highest common factor of 3360 and 48?
48
What is the greatest common factor of 246 and 24?
6
Calculate the greatest common factor of 88 and 15840.
88
Calculate the greatest common factor of 1548 and 36.
36
What is the greatest common factor of 51 and 3485?
17
Calculate the highest common divisor of 20 and 948.
4
Calculate the highest common factor of 28 and 98.
14
What is the greatest common divisor of 4332 and 24?
12
What is the highest common divisor of 325 and 69875?
325
Calculate the highest common factor of 618 and 6.
6
Calculate the greatest common factor of 120 and 5340.
60
Calculate the highest common divisor of 443 and 15948.
443
What is the greatest common factor of 2035 and 220?
55
What is the greatest common factor of 125 and 1025?
25
What is the highest common factor of 39 and 2769?
39
Calculate the greatest common factor of 20 and 3076.
4
Calculate the highest common divisor of 86 and 5203.
43
Calculate the highest common factor of 12 and 964.
4
Calculate the greatest common divisor of 219 and 3869.
73
What is the highest common factor of 70 and 1120?
70
Calculate the highest common factor of 6 and 5182.
2
Calculate the highest common divisor of 342 and 38.
38
What is the greatest common divisor of 84 and 132?
12
What is the highest common divisor of 25 and 80?
5
Calculate the highest common divisor of 12 and 68.
4
What is the greatest common divisor of 4928 and 42?
14
Calculate the greatest common factor of 7 and 23191.
7
What is the highest common divisor of 104 and 56?
8
What is the greatest common divisor of 6 and 141?
3
What is the highest common divisor of 1503 and 1670?
167
What is the highest common divisor of 575 and 230?
115
Calculate the greatest common divisor of 90 and 1110.
30
Calculate the greatest common factor of 800 and 64.
32
What is the highest common divisor of 32 and 296?
8
What is the highest common factor of 861 and 63?
21
Calculate the highest common factor of 56 and 10.
2
What is the greatest common factor of 126 and 396?
18
What is the highest common divisor of 112 and 184?
8
What is the greatest common divisor of 20 and 1864?
4
Calculate the highest common divisor of 5560 and 280.
40
What is the greatest common factor of 22803 and 33?
33
Calculate the highest common divisor of 888 and 8.
8
Calculate the highest common factor of 14 and 147.
7
What is the highest common factor of 4715 and 205?
205
What is the greatest common factor of 44 and 4576?
44
Calculate the greatest common divisor of 10 and 230.
10
Calculate the highest common factor of 3 and 57.
3
Calculate the greatest common factor of 868 and 28.
28
What is the highest common factor of 57 and 114?
57
Calculate the highest common divisor of 29 and 667.
29
What is the highest common divisor of 30 and 1125?
15
Calculate the highest common divisor of 12 and 2676.
12
What is the greatest common factor of 990 and 20?
10
What is the highest common divisor of 7067 and 2101?
191
What is the greatest common factor of 72 and 7608?
24
Calculate the greatest common factor of 190 and 106210.
190
What is the greatest common factor of 27288 and 72?
72
What is the greatest common divisor of 570 and 90?
30
What is the highest common factor of 565 and 14916?
113
What is the highest common divisor of 25 and 50?
25
What is the greatest common divisor of 68 and 10?
2
Calculate the highest common factor of 12 and 36.
12
What is the highest common divisor of 132 and 24?
12
Calculate the highest common divisor of 1332 and 592.
148
Calculate the greatest common divisor of 122 and 24949.
61
What is the greatest common divisor of 119 and 527?
17
What is the highest common divisor of 312 and 72?
24
What is the greatest common factor of 100 and 1660?
20
Calculate the highest common factor of 45 and 2655.
45
What is the greatest common factor of 1674 and 62?
62
What is the greatest common factor of 84 and 210?
42
Calculate the greatest common factor of 70 and 245.
35
Calculate the greatest common divisor of 1 and 2.
1
Calculate the greatest common divisor of 18 and 6975.
9
Calculate the highest common divisor of 1349 and 19.
19
What is the greatest common divisor of 504 and 112?
56
What is the highest common divisor of 175 and 1435?
35
What is the highest common divisor of 302 and 8003?
151
Calculate the highest common factor of 40 and 2040.
40
What is the highest common factor of 17 and 3?
1
Calculate the highest common factor of 402 and 54.
6
What is the greatest common factor of 832 and 128?
64
Calculate the greatest common factor of 8 and 68.
4
What is the highest common divisor of 375 and 810?
15
Calculate the greatest common factor of 33 and 1056.
33
What is the greatest common divisor of 2494 and 86?
86
Calculate the greatest common factor of 85 and 1819.
17
What is the highest common divisor of 124 and 496?
124
Calculate the highest common divisor of 3000 and 3720.
120
Calculate the greatest common factor of 9 and 96.
3
Calculate the greatest common divisor of 5243 and 107.
107
Calculate the highest common factor of 189 and 216.
27
Calculate the greatest common factor of 286 and 12210.
22
Calculate the highest common factor of 36 and 12.
12
Calculate the highest common factor of 138 and 184.
46
What is the greatest common factor of 207 and 184?
23
Calculate the highest common factor of 384 and 2432.
128
What is the greatest common factor of 395 and 553?
79
Calculate the greatest common divisor of 51 and 969.
51
What is the greatest common divisor of 58 and 24621?
29
Calculate the greatest common factor of 2150 and 129.
43
Calculate the highest common divisor of 3674 and 22.
22
Calculate the highest common divisor of 195 and 480.
15
Calculate the greatest common divisor of 63 and 1848.
21
Calculate the greatest common factor of 285 and 969.
57
Calculate the highest common divisor of 6 and 12.
6
What is the greatest common divisor of 32140 and 10?
10
Calculate the greatest common factor of 28756 and 1264.
316
Calculate the greatest common divisor of 56240 and 20.
20
Calculate the greatest common divisor of 297 and 237.
3
What is the highest common factor of 35 and 315?
35
What is the highest common factor of 41 and 4428?
41
Calculate the highest common divisor of 76 and 1444.
76
What is the greatest common factor of 96 and 234?
6
Calculate the greatest common divisor of 138 and 184.
46
What is the greatest common divisor of 109 and 6213?
109
What is the greatest common divisor of 6 and 74?
2
Calculate the greatest common factor of 160 and 5.
5
What is the greatest common divisor of 36 and 288?
36
Calculate the greatest common divisor of 250 and 5950.
50
What is the highest common divisor of 505 and 101?
101
Calculate the highest common divisor of 6838 and 286.
26
What is the greatest common divisor of 104 and 702?
26
What is the greatest common divisor of 192 and 432?
48
What is the highest common divisor of 1 and 4?
1
What is the greatest common factor of 1034 and 220?
22
Calculate the highest common divisor of 1488 and 48.
48
What is the highest common divisor of 23 and 529?
23
Calculate the highest common divisor of 65 and 2119.
13
What is the highest common divisor of 301 and 344?
43
Calculate the greatest comm